der when q is divided by 27?
25
Calculate the remainder when 4*2/(-12)*-6 + 35 is divided by 26.
13
Let n = -4 - -8. Let b(h) = 2*h**2 - 5*h + 2. Calculate the remainder when b(n) is divided by 8.
6
Let m(j) = 2*j + 13. Let p(w) = w + 6. Let k(v) = 2*m(v) - 5*p(v). Let d be (-24)/5 - (-6)/(-30). What is the remainder when 1 is divided by k(d)?
0
Suppose -11*d - 50 = -16*d. Let c be (-2)/(-9) + 34/9. Suppose -3*j - w + d = c*w, 4*w = j - 26. Calculate the remainder when 29 is divided by j.
9
Let m = -51 + 111. Suppose 2*k - m = -k. Let j = -4 + k. Calculate the remainder when 30 is divided by j.
14
Let f = 43 + -28. Suppose o - 44 = -3*o. Suppose -i + 5*a = i - o, 4*i + 4*a = 36. Calculate the remainder when f is divided by i.
7
Suppose -4*v - 117 = -3*h, -71 = -3*h - 2*v + 28. Calculate the remainder when h is divided by 9.
8
Suppose -389 = 3*w - 53. Let f = -78 - w. Calculate the remainder when f is divided by 9.
7
Suppose 5*r - y = 97, 4*y = -3*r + 20 + 52. What is the remainder when r is divided by 46/6 - 4/6?
6
Suppose 2*k + 2 = 3*k. Suppose -5*o + 5 + 44 = -c, 3*c + 17 = k*o. Calculate the remainder when ((-4)/10)/((-4)/280) is divided by o.
8
Suppose 4*z + o - 54 = 0, -13 = -5*o - 3. Let a = -12 + 26. What is the remainder when (-3 + z)*(-2 + 6) is divided by a?
12
Let s(i) = -i**2 + 7*i + 3. Calculate the remainder when 26 is divided by s(6).
8
Let t(i) = 25*i**3 - 16*i**3 + 24*i**3. Calculate the remainder when t(1) is divided by 7.
5
Let n = 44 + -30. Let r(g) = g**3 - 14*g**2 + 10. Calculate the remainder when 47 is divided by r(n).
7
Suppose -30 = 3*b - 168. What is the remainder when b is divided by 12?
10
Suppose -3 = -4*p + p. Suppose 5*b - 2 = 3*s, -2*s = 2*b + 3*b - 7. Calculate the remainder when s is divided by p.
0
Suppose 5*q + 5*s + 35 = 0, -q - 2*s - 12 + 1 = 0. Let c be (1/2)/(q/(-24)). Suppose 0*o + c*o - 4 = 0. What is the remainder when o is divided by 1?
0
Let i(g) = 2*g - 2. What is the remainder when 61 is divided by i(9)?
13
Let k be 1/(3/(-9)) - -7. Suppose k*q + s = -2*s + 19, 2*q = -3*s + 17. What is the remainder when 1 is divided by q?
0
Let m be 0 - (-85 - 2/1). Let g = -52 + m. What is the remainder when g is divided by 12?
11
Let n be (-130)/20 + (-1)/(-2). Let x(i) = -2*i**2 - 15*i - 8. Calculate the remainder when x(n) is divided by 6.
4
Suppose -5*c = -x - 0*x + 40, x + 5*c - 10 = 0. Calculate the remainder when x is divided by 14.
11
Suppose 0 = -m - 9 + 12. Suppose -m*f + 10 = a - 3, 0 = -5*f + a + 27. What is the remainder when 19 is divided by f?
4
Let d(k) = 4*k**2 + 2. What is the remainder when 4 is divided by d(0)?
0
Let f(c) = 2*c**2 + 7*c - 5. Let g = 244 - 170. Calculate the remainder when g is divided by f(-6).
24
Suppose b = -3*k + 21, -k + 5*b - 7 = -2*k. Calculate the remainder when 33 is divided by k.
5
Let t be (-30)/4*(-10)/15. Let z be t/(30/4)*3. Suppose z*x - 32 = -0*x. What is the remainder when x is divided by 6?
4
Suppose 12*a - 9*a = 6. Suppose 5*j + 13 = 5*r + 3, 14 = 5*r - j. What is the remainder when r is divided by a?
1
Let a = 7 + -5. Suppose -2*n = a*n - 3*j - 52, 5*n - 65 = j. What is the remainder when 25 is divided by n?
12
Suppose 0*j + 3*j = z + 55, 0 = -5*z - 20. What is the remainder when 66 is divided by j?
15
Suppose -2*s + 6 = -4. Suppose -4*i - s = -1. What is the remainder when (i - -1) + 14 + 0 is divided by 8?
6
What is the remainder when 1/5*(1 - -4) - -29 is divided by 16?
14
Suppose 23 = 3*d - 7. Let g = 3 + -9. Let r = g - -24. What is the remainder when r is divided by d?
8
Suppose -2*q + 505 = 4*b - 59, 2*b - 4*q = 282. What is the remainder when b is divided by 18?
15
Let g = -45 - -66. What is the remainder when g is divided by 8?
5
What is the remainder when 41 is divided by (24/60)/(6/165)?
8
Let z be (1/2)/(2/(-20)). Let n = z - -13. Calculate the remainder when 15 is divided by n.
7
Let s(k) = 2*k - 23. Suppose 0 = -0*o - 3*o + 153. What is the remainder when o is divided by s(18)?
12
Suppose 26 = c + c. Calculate the remainder when 179 is divided by c.
10
Suppose 15 = -3*h, 2*u + 11 = 3*h + 110. Calculate the remainder when u is divided by (-3 - (-68)/8)*(1 - -1).
9
Suppose 5*h - 22 = -7. Let t be h + -4 - (1 + 0). Calculate the remainder when 17 is divided by t/(-4)*18/1.
8
Suppose -j = -2*j - 5. Let s(u) = u**2 + 5*u + 2. Calculate the remainder when 4 is divided by s(j).
0
Let q = 51 - -35. Suppose -5*f = -3*d + d - 153, 3*d = -f + 17. What is the remainder when q is divided by f?
28
Let c = 31 + 14. What is the remainder when c is divided by 16?
13
Suppose 0 = -4*s + 2*s - 6. Let x(h) = 5*h - 3. Let t be x(3). Let m = t + s. What is the remainder when 25 is divided by m?
7
Let s = 87 + -76. What is the remainder when 20 is divided by s?
9
Let m = -37 + 86. Suppose 27 = 4*b - m. What is the remainder when 36 is divided by b?
17
Suppose 3*d - l = 55, d = 4*l + l + 37. Calculate the remainder when 32 is divided by d.
15
Let n(q) = 63*q - 1. Let y(p) = -15*p + 1. Calculate the remainder when n(1) is divided by y(-1).
14
Let h be 2/(60/27 + -2). Let a = 14 - h. What is the remainder when 14 is divided by a?
4
Let n(l) = -l**3 - 6*l**2 + 12*l + 2. What is the remainder when 66 is divided by n(-8)?
32
Suppose -6 + 0 = -2*y. Suppose y = -l + 26. Let u = 11 - 3. What is the remainder when l is divided by u?
7
Let p(j) = j**3 + 11*j**2 - 17*j - 10. What is the remainder when p(-12) is divided by 13?
11
Suppose -2*d - 2 = -2*j, d - 11 = -2*d - 4*j. Let a be (-3)/(4 - d) - -5. Suppose 0 = 8*q - a*q - 88. What is the remainder when 64 is divided by q?
20
Suppose 3*g - 17 = 25. Let a(z) = -z**2 + 6*z + 4. Calculate the remainder when g is divided by a(6).
2
Let b = -11 + 22. What is the remainder when 32 is divided by b?
10
Let z = -12 - -16. Suppose -8*q = -z*q - 80. Calculate the remainder when (76/6)/(2/6) is divided by q.
18
Suppose -s = -t - 37, 0*s + 4*t - 52 = -s. Calculate the remainder when s is divided by 15.
10
Let a(n) = 3*n**2 + 0*n - n + 12*n**2. Suppose 5*w + 2*x - 35 = 0, -3*w = -5*w + 4*x + 38. What is the remainder when a(-1) is divided by w?
7
Suppose 0 = 4*k + 4*t + 40, 0 = 2*k + 4*t + 8 + 20. What is the remainder when 71 is divided by (k + 7)/(2/74)?
34
Let r(s) = -2*s - 2. Let u be r(-2). Suppose -5*v + 54 = 3*k, 5*k = 2*v + u*v - 58. Calculate the remainder when 22 is divided by v.
10
Let u = -64 - -111. Calculate the remainder when u is divided by 24.
23
Let h = 20 - 0. What is the remainder when 59 is divided by h?
19
Let l = -24 - -70. What is the remainder when l is divided by ((-3)/(-9) + (-50)/6)*-3?
22
Let n(j) = -j**3 - 6*j**2 - 9. Calculate the remainder when n(-7) is divided by 11.
7
Let r = 33 - 12. Calculate the remainder when r is divided by 12.
9
Let m(a) = 3*a + 19. Calculate the remainder when m(-4) is divided by 7.
0
Suppose 3*r - 57 = -3*w, r - 4*w = 7 + 7. Calculate the remainder when 51 is divided by r.
15
What is the remainder when 0*1/(-2) - -92 is divided by 19?
16
Suppose 2*m - 6 = 8. What is the remainder when m is divided by 5?
2
Suppose 40 = -7*i + 12*i. What is the remainder when 46 is divided by i?
6
Let h(r) be the second derivative of r**4/12 + 2*r**2 - 5*r. What is the remainder when h(3) is divided by 8?
5
Let y(i) = -i**3 - 8*i**2 + 17*i - 14. Calculate the remainder when 42 is divided by y(-10).
10
Let d = -93 - -145. What is the remainder when d is divided by 31?
21
Suppose -5*x + 26 = 2*a, -5*x = 3*a + 2*a - 65. Suppose -5*h + 0*u - u = 2, 2*u = 3*h + 9. Let z = 6 - h. Calculate the remainder when a is divided by z.
6
Let c(r) = -13*r + 14. Let m(y) = -7*y + 7. Let j(h) = 3*c(h) - 5*m(h). Let b be j(-6). Let i = b - 16. What is the remainder when i is divided by 4?
3
Suppose -4*f - 3*x = 39, 4*x + 7 + 1 = 2*f. Let y(q) = q**2 + 6*q + 1. Let d be y(f). Calculate the remainder when 53 is divided by d/((4/2)/36).
17
Let y = -18 + 31. Let t(v) = -2*v**3 - 3*v**2 - 2*v - 3. What is the remainder when y is divided by t(-2)?
3
Let o(k) = k**3 + 12*k**2 - 16*k - 16. Calculate the remainder when 89 is divided by o(-13).
20
Calculate the remainder when (12/8 + -1)*(-60)/(-2) is divided by 4.
3
Let c = -10 - 3. Let g = c + 50. Calculate the remainder when g is divided by 19.
18
Let j(d) = d**2 - 20. C